1752.
1652
Calculate the remainder when 76555176 is divided by 38277570.
36
Calculate the remainder when 53808123 is divided by 59.
5
What is the remainder when 508629 is divided by 144?
21
What is the remainder when 416662719 is divided by 3776?
3775
Calculate the remainder when 268614 is divided by 89133.
1215
What is the remainder when 6521326 is divided by 39?
19
What is the remainder when 8485 is divided by 267?
208
What is the remainder when 31759 is divided by 31721?
38
What is the remainder when 527449 is divided by 17011?
108
What is the remainder when 22771895 is divided by 2136?
2135
What is the remainder when 1168888 is divided by 10?
8
What is the remainder when 738063 is divided by 115?
108
What is the remainder when 1043564 is divided by 171?
122
What is the remainder when 3976162 is divided by 6605?
6557
What is the remainder when 115051 is divided by 13620?
6091
What is the remainder when 810627 is divided by 214?
209
What is the remainder when 276832 is divided by 44?
28
Calculate the remainder when 82724145 is divided by 1571.
1569
What is the remainder when 11416 is divided by 1121?
206
What is the remainder when 242046557 is divided by 234?
233
What is the remainder when 831255 is divided by 18471?
60
Calculate the remainder when 107017739 is divided by 5310.
5309
Calculate the remainder when 2340506 is divided by 780159.
29
Calculate the remainder when 17535 is divided by 2904.
111
What is the remainder when 36401 is divided by 7132?
741
Calculate the remainder when 250618 is divided by 2949.
2902
Calculate the remainder when 38900 is divided by 7772.
40
What is the remainder when 1406424 is divided by 144?
120
Calculate the remainder when 889403 is divided by 80852.
31
What is the remainder when 965981 is divided by 237?
206
What is the remainder when 302162 is divided by 1162?
42
What is the remainder when 2432905 is divided by 291?
145
Calculate the remainder when 3664099 is divided by 1506.
1
What is the remainder when 518683 is divided by 12349?
25
What is the remainder when 6386118 is divided by 1703?
1571
Calculate the remainder when 200380 is divided by 1277.
1168
What is the remainder when 3506845 is divided by 26?
17
Calculate the remainder when 1101465 is divided by 4353.
156
What is the remainder when 30016361 is divided by 690?
671
What is the remainder when 94502 is divided by 1810?
382
What is the remainder when 13797601 is divided by 779?
732
Calculate the remainder when 97394367 is divided by 3776.
3775
What is the remainder when 4669461 is divided by 4364?
4345
Calculate the remainder when 30072957 is divided by 21.
12
Calculate the remainder when 84185 is divided by 80435.
3750
What is the remainder when 2680474 is divided by 618?
208
What is the remainder when 8091323 is divided by 934?
81
Calculate the remainder when 66455641 is divided by 11395.
1
Calculate the remainder when 415747 is divided by 296.
163
What is the remainder when 278959 is divided by 3134?
33
Calculate the remainder when 6642098 is divided by 163.
11
What is the remainder when 930293 is divided by 11357?
10376
What is the remainder when 1448328 is divided by 37136?
24
What is the remainder when 5130860 is divided by 19?
5
Calculate the remainder when 70296 is divided by 9999.
303
Calculate the remainder when 9408146 is divided by 14.
6
Calculate the remainder when 16221632 is divided by 67.
61
What is the remainder when 47483 is divided by 6398?
2697
What is the remainder when 604358 is divided by 360?
278
What is the remainder when 942844 is divided by 29463?
28
Calculate the remainder when 28384 is divided by 1760.
224
What is the remainder when 76596 is divided by 36835?
2926
Calculate the remainder when 12869 is divided by 1578.
245
Calculate the remainder when 2046075 is divided by 4012.
3967
Calculate the remainder when 4782787 is divided by 2391369.
49
What is the remainder when 929323 is divided by 418?
109
What is the remainder when 26253946 is divided by 439?
429
What is the remainder when 69387 is divided by 2684?
2287
Calculate the remainder when 8600 is divided by 664.
632
What is the remainder when 282322 is divided by 11760?
82
What is the remainder when 1901064 is divided by 210?
144
What is the remainder when 5018254 is divided by 100?
54
Calculate the remainder when 9744512 is divided by 26.
24
Calculate the remainder when 200110 is divided by 2274.
2272
What is the remainder when 14667 is divided by 976?
27
Calculate the remainder when 1181275 is divided by 124.
51
What is the remainder when 13348463 is divided by 428?
427
What is the remainder when 95467928 is divided by 314?
310
What is the remainder when 3386197 is divided by 376238?
55
Calculate the remainder when 101940 is divided by 20152.
1180
What is the remainder when 110590 is divided by 988?
922
What is the remainder when 949533 is divided by 108?
105
Calculate the remainder when 25716719 is divided by 146.
133
What is the remainder when 2259755 is divided by 6401?
202
What is the remainder when 46141344 is divided by 29352?
0
Calculate the remainder when 10743858 is divided by 1734.
1728
What is the remainder when 724666 is divided by 12?
10
What is the remainder when 7466819 is divided by 335?
4
Calculate the remainder when 29323975 is divided by 4887314.
91
Calculate the remainder when 14161748 is divided by 12.
8
What is the remainder when 22827242 is divided by 11413617?
8
What is the remainder when 41600 is divided by 870?
710
Calculate the remainder when 237837287 is divided by 427.
422
What is the remainder when 1512118 is divided by 70?
48
Calculate the remainder when 51107 is divided by 608.
35
What is the remainder when 36170 is divided by 1124?
202
What is the remainder when 222859207 is divided by 4759?
4755
What is the remainder when 9429391 is divided by 3143124?
19
Calculate the remainder when 2187896 is divided by 160.
56
What is the remainder when 20411 is divided by 6468?
1007
Calculate the remainder when 694903 is divided by 572.
495
What is the remainder when 10887251 is divided by 23?
17
What is the remainder when 1303977107 is divided by 8057?
8056
Calculate the remainder when 287489 is divided by 39.
20
What is the remainder when 101249 is divided by 2024?
49
What is the remainder when 122052 is divided by 60186?
1680
Calculate the remainder when 2161816 is divided by 270218.
72
What is the remainder when 63792265 is divided by 120?
25
What is the remainder when 3313067 is divided by 4576?
43
Calculate the remainder when 45713 is divided by 303.
263
Calculate the remainder when 51557 is divided by 4291.
65
Calculate the remainder when 24289274 is divided by 67.
32
What is the remainder when 6367805 is divided by 148088?
21
What is the remainder when 7473695 is divided by 131?
14
Calculate the remainder when 216129753 is divided by 898.
11
Calculate the remainder when 89862846 is divided by 25.
21
Calculate the remainder when 4945 is divided by 4752.
193
Calculate the remainder when 3320994 is divided by 140.
54
What is the remainder when 894726 is divided by 13765?
1
What is the remainder when 97656737 is divided by 91?
87
Calculate the remainder when 1426983 is divided by 2.
1
What is the remainder when 126004 is divided by 41988?
40
What is the remainder when 12389 is divided by 1223?
159
What is the remainder when 106989 is divided by 629?
59
What is the remainder when 7105775 is divided by 27?
23
Calculate the remainder when 1488848 is divided by 57247.
426
What is the remainder when 367639456 is divided by 9?
4
Calculate the remainder when 4158245 is divided by 177.
161
What is the remainder when 44545617 is divided by 2344505?
22
Calculate the remainder when 4111898 is divided by 159.
158
Calculate the remainder when 136944583 is divided by 19563510.
13
What is the remainder when 7732 is divided by 3858?
16
What is the remainder when 797322 is divided by 398656?
10
Calculate the remainder when 8621889 is divided by 106443.
6
Calculate the remainder when 1343544 is divided by 1343326.
218
What is the remainder when 1295050 is divided by 22720?
10
What is the remainder when 1089526 is divided by 5503?
5435
Calculate the remainder when 99303 is divided by 23355.
5883
What is the remainder when 27214977 is divided by 29?
